{"id":5,"date":"2022-09-12T10:01:28","date_gmt":"2022-09-12T10:01:28","guid":{"rendered":"http:\/\/www.odsvrchlabi.cz\/?page_id=5"},"modified":"2022-09-19T14:25:13","modified_gmt":"2022-09-19T12:25:13","slug":"ods-vrchlabi","status":"publish","type":"page","link":"https:\/\/www.odsvrchlabi.cz\/","title":{"rendered":"ODS Vrchlab\u00ed"},"content":{"rendered":"\n<figure class=\"wp-block-image size-full\"><img loading=\"lazy\" decoding=\"async\" width=\"820\" height=\"312\" src=\"http:\/\/www.odsvrchlabi.cz\/wp-content\/uploads\/2022\/09\/FB_header.png\" alt=\"\" class=\"wp-image-8\" srcset=\"https:\/\/www.odsvrchlabi.cz\/wp-content\/uploads\/2022\/09\/FB_header.png 820w, https:\/\/www.odsvrchlabi.cz\/wp-content\/uploads\/2022\/09\/FB_header-300x114.png 300w, https:\/\/www.odsvrchlabi.cz\/wp-content\/uploads\/2022\/09\/FB_header-768x292.png 768w\" sizes=\"auto, (max-width: 820px) 100vw, 820px\" \/><\/figure>\n\n\n\n<div style=\"height:100px\" aria-hidden=\"true\" class=\"wp-block-spacer\"><\/div>\n\n\n\n<h2 class=\"wp-block-heading\">P\u0159ij\u010fte k volb\u00e1m 2022<\/h2>\n\n\n\n<figure class=\"wp-block-embed is-type-video is-provider-youtube wp-block-embed-youtube wp-embed-aspect-16-9 wp-has-aspect-ratio\"><div class=\"wp-block-embed__wrapper\">\n<iframe loading=\"lazy\" title=\"Komun\u00e1ln\u00ed volby 2022\" width=\"580\" height=\"326\" src=\"https:\/\/www.youtube.com\/embed\/eWQ5Jw0K3aQ?feature=oembed\" frameborder=\"0\" allow=\"accelerometer; autoplay; clipboard-write; encrypted-media; gyroscope; picture-in-picture; web-share\" referrerpolicy=\"strict-origin-when-cross-origin\" allowfullscreen><\/iframe>\n<\/div><\/figure>\n\n\n\n<h4 class=\"wp-block-heading\">N\u00e1\u0161 l\u00eddr pro volby 2022 &#8211; Mgr.Ji\u0159\u00ed Cup\u00e1k<\/h4>\n\n\n\n<figure class=\"wp-block-embed is-type-video is-provider-youtube wp-block-embed-youtube wp-embed-aspect-16-9 wp-has-aspect-ratio\"><div class=\"wp-block-embed__wrapper\">\n<iframe loading=\"lazy\" title=\"Mgr. Ji\u0159\u00ed Cup\u00e1k\" width=\"580\" height=\"326\" src=\"https:\/\/www.youtube.com\/embed\/1KSre38Tkcg?feature=oembed\" frameborder=\"0\" allow=\"accelerometer; autoplay; clipboard-write; encrypted-media; gyroscope; picture-in-picture; web-share\" referrerpolicy=\"strict-origin-when-cross-origin\" allowfullscreen><\/iframe>\n<\/div><\/figure>\n","protected":false},"excerpt":{"rendered":"<p>P\u0159ij\u010fte k volb\u00e1m 2022 N\u00e1\u0161 l\u00eddr pro volby 2022 &#8211; Mgr.Ji\u0159\u00ed Cup\u00e1k<\/p>\n","protected":false},"author":1,"featured_media":0,"parent":0,"menu_order":0,"comment_status":"closed","ping_status":"closed","template":"","meta":{"footnotes":""},"class_list":["post-5","page","type-page","status-publish","hentry"],"_links":{"self":[{"href":"https:\/\/www.odsvrchlabi.cz\/index.php?rest_route=\/wp\/v2\/pages\/5","targetHints":{"allow":["GET"]}}],"collection":[{"href":"https:\/\/www.odsvrchlabi.cz\/index.php?rest_route=\/wp\/v2\/pages"}],"about":[{"href":"https:\/\/www.odsvrchlabi.cz\/index.php?rest_route=\/wp\/v2\/types\/page"}],"author":[{"embeddable":true,"href":"https:\/\/www.odsvrchlabi.cz\/index.php?rest_route=\/wp\/v2\/users\/1"}],"replies":[{"embeddable":true,"href":"https:\/\/www.odsvrchlabi.cz\/index.php?rest_route=%2Fwp%2Fv2%2Fcomments&post=5"}],"version-history":[{"count":11,"href":"https:\/\/www.odsvrchlabi.cz\/index.php?rest_route=\/wp\/v2\/pages\/5\/revisions"}],"predecessor-version":[{"id":58,"href":"https:\/\/www.odsvrchlabi.cz\/index.php?rest_route=\/wp\/v2\/pages\/5\/revisions\/58"}],"wp:attachment":[{"href":"https:\/\/www.odsvrchlabi.cz\/index.php?rest_route=%2Fwp%2Fv2%2Fmedia&parent=5"}],"curies":[{"name":"wp","href":"https:\/\/api.w.org\/{rel}","templated":true}]}}