{"id":33,"date":"2022-09-12T16:03:37","date_gmt":"2022-09-12T14:03:37","guid":{"rendered":"http:\/\/www.odsvrchlabi.cz\/?page_id=33"},"modified":"2022-09-12T16:04:48","modified_gmt":"2022-09-12T14:04:48","slug":"volby-2022","status":"publish","type":"page","link":"https:\/\/www.odsvrchlabi.cz\/?page_id=33","title":{"rendered":"Volby 2022"},"content":{"rendered":"<div class=\"wp-block-image\">\n<figure class=\"alignleft size-medium\"><img loading=\"lazy\" decoding=\"async\" width=\"300\" height=\"176\" src=\"http:\/\/www.odsvrchlabi.cz\/wp-content\/uploads\/2022\/09\/vrchlabi-300x176.jpg\" alt=\"\" class=\"wp-image-35\" srcset=\"https:\/\/www.odsvrchlabi.cz\/wp-content\/uploads\/2022\/09\/vrchlabi-300x176.jpg 300w, https:\/\/www.odsvrchlabi.cz\/wp-content\/uploads\/2022\/09\/vrchlabi-1024x599.jpg 1024w, https:\/\/www.odsvrchlabi.cz\/wp-content\/uploads\/2022\/09\/vrchlabi-768x449.jpg 768w, https:\/\/www.odsvrchlabi.cz\/wp-content\/uploads\/2022\/09\/vrchlabi-1536x899.jpg 1536w, https:\/\/www.odsvrchlabi.cz\/wp-content\/uploads\/2022\/09\/vrchlabi-1200x702.jpg 1200w, https:\/\/www.odsvrchlabi.cz\/wp-content\/uploads\/2022\/09\/vrchlabi-1980x1158.jpg 1980w, https:\/\/www.odsvrchlabi.cz\/wp-content\/uploads\/2022\/09\/vrchlabi.jpg 2000w\" sizes=\"auto, (max-width: 300px) 100vw, 300px\" \/><figcaption>default<\/figcaption><\/figure>\n<\/div>\n\n\n<h4 class=\"wp-block-heading\">Bydlen\u00ed? Ob\u010dan\u00e9 Vrchlab\u00ed na prvn\u00edm m\u00edst\u011b!<\/h4>\n\n\n\n<p class=\"has-small-font-size\">Vrchlab\u00ed mus\u00ed myslet p\u0159edev\u0161\u00edm na to, aby m\u011bli kde bydlet jeho obyvatel\u00e9. Mnoho mlad\u00fdch Vrchlab\u00e1k\u016f odsud b\u011bhem posledn\u00edch \u0161esti volebn\u00edch obdob\u00ed ode\u0161lo pry\u010d, a to p\u0159edev\u0161\u00edm d\u00edky \u0161patn\u00e9 bytov\u00e9 politice zdej\u0161\u00ed radnice. Zm\u011bn\u00edme proto zp\u016fsob p\u0159id\u011blov\u00e1n\u00ed m\u011bstsk\u00fdch byt\u016f a odstran\u00edme dosud funguj\u00edc\u00ed ob\u00e1lkovou metodu. Jsme proti developersk\u00e9 v\u00fdstavb\u011b rekrea\u010dn\u00edch apartm\u00e1n\u016f v nemovitostech a na pozemc\u00edch v majetku m\u011bsta. Zajist\u00edme t\u00e9\u017e zm\u011bnu \u00fazemn\u00edho pl\u00e1nu, aby rodi\u010de mohli stav\u011bt domy na vlastn\u00edch pozemc\u00edch pro sv\u00e9 d\u011bti.<\/p>\n\n\n<div class=\"wp-block-image\">\n<figure class=\"alignright size-medium\"><img loading=\"lazy\" decoding=\"async\" width=\"300\" height=\"200\" src=\"http:\/\/www.odsvrchlabi.cz\/wp-content\/uploads\/2022\/09\/wakeboard-300x200.jpg\" alt=\"\" class=\"wp-image-37\" srcset=\"https:\/\/www.odsvrchlabi.cz\/wp-content\/uploads\/2022\/09\/wakeboard-300x200.jpg 300w, https:\/\/www.odsvrchlabi.cz\/wp-content\/uploads\/2022\/09\/wakeboard-1024x682.jpg 1024w, https:\/\/www.odsvrchlabi.cz\/wp-content\/uploads\/2022\/09\/wakeboard-768x512.jpg 768w, https:\/\/www.odsvrchlabi.cz\/wp-content\/uploads\/2022\/09\/wakeboard-1536x1024.jpg 1536w, https:\/\/www.odsvrchlabi.cz\/wp-content\/uploads\/2022\/09\/wakeboard-1200x800.jpg 1200w, https:\/\/www.odsvrchlabi.cz\/wp-content\/uploads\/2022\/09\/wakeboard-1980x1320.jpg 1980w, https:\/\/www.odsvrchlabi.cz\/wp-content\/uploads\/2022\/09\/wakeboard.jpg 2000w\" sizes=\"auto, (max-width: 300px) 100vw, 300px\" \/><\/figure>\n<\/div>\n\n\n<h4 class=\"wp-block-heading\">Vrchlabsk\u00e9 d\u011bti a ml\u00e1de\u017e? Chceme \u0159e\u0161it jejich pot\u0159eby<\/h4>\n\n\n\n<p class=\"has-small-font-size\">D\u011bti si budou m\u00edt kde hr\u00e1t, proto\u017ee se zasad\u00edme o vybudov\u00e1n\u00ed nov\u00fdch d\u011btsk\u00fdch h\u0159i\u0161\u0165 v\u00a0lokalit\u00e1ch Ho\u0159ej\u0161\u00ed Vrchlab\u00ed, Li\u0161\u010d\u00ed kopec a Harta. Podpo\u0159\u00edme roz\u0161i\u0159ov\u00e1n\u00ed mo\u017enost\u00ed a\u00a0nab\u00eddky z\u00e1jmov\u00e9 \u010dinnosti a sportu. Mlad\u00ed budou rovnocenn\u00fdmi partnery m\u011bsta p\u0159i hled\u00e1n\u00ed mo\u017enost\u00ed pro jejich volno\u010dasov\u00e9 vy\u017eit\u00ed. D\u00e1me zelenou nov\u00fdm \u010di netradi\u010dn\u00edm zp\u016fsob\u016fm sportovn\u00edho vy\u017eit\u00ed (wakeboardy, cyklotraily, inline\u2026) v duchu hesla Cool Vrchlab\u00ed. Neboj\u00edme se nov\u00fdch v\u00fdzev i cest k jejich napln\u011bn\u00ed.<\/p>\n\n\n<div class=\"wp-block-image\">\n<figure class=\"alignleft size-medium\"><img loading=\"lazy\" decoding=\"async\" width=\"300\" height=\"171\" src=\"http:\/\/www.odsvrchlabi.cz\/wp-content\/uploads\/2022\/09\/senior-300x171.png\" alt=\"\" class=\"wp-image-39\" srcset=\"https:\/\/www.odsvrchlabi.cz\/wp-content\/uploads\/2022\/09\/senior-300x171.png 300w, https:\/\/www.odsvrchlabi.cz\/wp-content\/uploads\/2022\/09\/senior.png 700w\" sizes=\"auto, (max-width: 300px) 100vw, 300px\" \/><\/figure>\n<\/div>\n\n\n<h4 class=\"wp-block-heading\">P\u0159\u00edjemn\u00e9 m\u00edsto k \u017eivotu i pro seniory<\/h4>\n\n\n\n<p class=\"has-small-font-size\">Ve Vrchlab\u00ed je 3200 lid\u00ed v seniorsk\u00e9m v\u011bku a tento po\u010det bude v dal\u0161\u00edch letech je\u0161t\u011b nar\u016fstat. Vrchlab\u00ed mus\u00ed b\u00fdt zaj\u00edmav\u00fdm, p\u0159\u00edjemn\u00fdm a d\u016fstojn\u00fdm m\u00edstem k \u017eivotu i\u00a0pro seniory. P\u0159iprav\u00edme komplexn\u00ed koncept jejich spole\u010densk\u00e9ho a volno\u010dasov\u00e9ho vy\u017eit\u00ed a\u00a0uvedeme v \u017eivot projekty \u201eAktivn\u00ed vrchlabsk\u00fd senior\u201c, \u201eSenior taxi\u201c se zv\u00fdhodn\u011bnou cenou a vybudujeme sportovn\u011b relaxa\u010dn\u00ed z\u00f3nu a vych\u00e1zkov\u00fd okruh kolem Berl\u00ednsk\u00e9ho lesa.<\/p>\n\n\n<div class=\"wp-block-image\">\n<figure class=\"alignright size-medium\"><img loading=\"lazy\" decoding=\"async\" width=\"300\" height=\"161\" src=\"http:\/\/www.odsvrchlabi.cz\/wp-content\/uploads\/2022\/09\/harta-300x161.png\" alt=\"\" class=\"wp-image-41\" srcset=\"https:\/\/www.odsvrchlabi.cz\/wp-content\/uploads\/2022\/09\/harta-300x161.png 300w, https:\/\/www.odsvrchlabi.cz\/wp-content\/uploads\/2022\/09\/harta-1024x548.png 1024w, https:\/\/www.odsvrchlabi.cz\/wp-content\/uploads\/2022\/09\/harta-768x411.png 768w, https:\/\/www.odsvrchlabi.cz\/wp-content\/uploads\/2022\/09\/harta-1536x822.png 1536w, https:\/\/www.odsvrchlabi.cz\/wp-content\/uploads\/2022\/09\/harta-1200x643.png 1200w, https:\/\/www.odsvrchlabi.cz\/wp-content\/uploads\/2022\/09\/harta.png 1961w\" sizes=\"auto, (max-width: 300px) 100vw, 300px\" \/><\/figure>\n<\/div>\n\n\n<h4 class=\"wp-block-heading\">M\u011bsto jako odpov\u011bdn\u00fd hospod\u00e1\u0159<\/h4>\n\n\n\n<p class=\"has-small-font-size\">M\u011bstsk\u00e9 investice budou pl\u00e1nov\u00e1ny re\u00e1ln\u011b a s ohledem na mo\u017enosti rozpo\u010dtu. M\u011bsto bude o sv\u016fj movit\u00fd i nemovit\u00fd majetek \u0159\u00e1dn\u011b pe\u010dovat a pravideln\u011b investovat do jeho \u00fadr\u017eby a rozvoje. Na opravy chodn\u00edk\u016f a ulic d\u00e1me v\u00edce pen\u011bz ne\u017e dosavadn\u00ed jeden milion korun ro\u010dn\u011b. Pro srovn\u00e1n\u00ed: na platy a odm\u011bny veden\u00ed m\u011bsta a dal\u0161\u00edch volen\u00fdch z\u00e1stupc\u016f m\u011bstsk\u00fd rozpo\u010det ka\u017ed\u00fdm rokem vynakl\u00e1d\u00e1 t\u0159ikr\u00e1t tolik financ\u00ed. Kone\u010dn\u011b za\u010dneme \u0159\u00e1dn\u011b opravovat m\u011bstsk\u00fd bytov\u00fd fond. Stav\u00edme se proti dal\u0161\u00edmu bezmy\u0161lenkovit\u00e9mu zadlu\u017eov\u00e1n\u00ed m\u011bsta.<\/p>\n\n\n<div class=\"wp-block-image\">\n<figure class=\"alignleft size-medium\"><img loading=\"lazy\" decoding=\"async\" width=\"300\" height=\"152\" src=\"http:\/\/www.odsvrchlabi.cz\/wp-content\/uploads\/2022\/09\/beh-300x152.png\" alt=\"\" class=\"wp-image-42\" srcset=\"https:\/\/www.odsvrchlabi.cz\/wp-content\/uploads\/2022\/09\/beh-300x152.png 300w, https:\/\/www.odsvrchlabi.cz\/wp-content\/uploads\/2022\/09\/beh.png 690w\" sizes=\"auto, (max-width: 300px) 100vw, 300px\" \/><\/figure>\n<\/div>\n\n\n<h4 class=\"wp-block-heading\">Sportovn\u00ed kluby a neziskovky? Podpora bez rozd\u00edlu!<\/h4>\n\n\n\n<p class=\"has-small-font-size\">Ve Vrchlab\u00ed p\u016fsob\u00ed sportovn\u00ed kluby, kter\u00e9 vychov\u00e1vaj\u00ed \u00fasp\u011b\u0161n\u00e9 sportovce, ale i v\u00edce ne\u017e 20 neziskov\u00fdch organizac\u00ed, jejich\u017e \u010dlenov\u00e9 nezi\u0161tn\u011b zkr\u00e1\u0161luj\u00ed ve\u0159ejn\u00e9 prostranstv\u00ed nebo tmel\u00ed pospolitost obyvatel Vrchlab\u00ed skrze r\u016fzn\u00e9 akce. Ob\u011b dv\u011b skupiny maj\u00ed na\u0161i \u00factu a\u00a0vyjad\u0159ujeme jim pod\u011bkov\u00e1n\u00ed a podporu. Z\u00e1rove\u0148 deklarujeme n\u00e1\u0161 z\u00e1m\u011br, \u017ee pokud se dost\u00e1v\u00e1 nemal\u00e9 materi\u00e1ln\u00ed a finan\u010dn\u00ed podpory sportovc\u016fm, je poctiv\u00e9 a spr\u00e1vn\u00e9, aby podporu v adekv\u00e1tn\u00ed v\u00fd\u0161i dost\u00e1valy i tyto neziskov\u00e9 organizace.<\/p>\n\n\n\n<h4 class=\"wp-block-heading\">A co ur\u010dit\u011b nechceme<\/h4>\n\n\n\n<ul class=\"has-small-font-size wp-block-list\"><li>Necitliv\u00fdmi \u00fapravami se nesm\u00ed zmen\u0161it po\u010det m\u00edst na parkovi\u0161ti u h\u0159bitova. Jsme proti z\u00e1m\u011bru, aby se za tato m\u00edsta platilo.<\/li><li>O p\u0159ijet\u00ed do domu s pe\u010dovatelskou slu\u017ebou nebude rozhodovat mo\u017enost a ochota v\u011bnovat 100 tis\u00edc korun m\u011bstu jako dar.<\/li><li>Ob\u010dan\u00e9 Vrchlab\u00ed nesm\u00ed \u010delit komplikac\u00edm zp\u016fsoben\u00fdm nedostatkem specializovan\u00fdch ambulantn\u00edch l\u00e9ka\u0159\u016f.<\/li><li>Z centra m\u011bsta se postupn\u011b vytr\u00e1c\u00ed \u017eivot a spole\u010densk\u00fd ruch. Nechceme, aby se z historick\u00e9ho j\u00e1dra Vrchlab\u00ed stala z\u00f3na duch\u016f.<\/li><li>Obyvatel\u00e9 Ho\u0159ej\u0161\u00edho Vrchlab\u00ed a Harty nebudou p\u0159ehl\u00ed\u017een\u00fdmi ob\u010dany, o jejich\u017e pot\u0159eby m\u011bsto nejev\u00ed z\u00e1jem a neinvestuje do zdej\u0161\u00ed infrastruktury.<\/li><\/ul>\n\n\n\n<p><\/p>\n","protected":false},"excerpt":{"rendered":"<p>Bydlen\u00ed? Ob\u010dan\u00e9 Vrchlab\u00ed na prvn\u00edm m\u00edst\u011b! Vrchlab\u00ed mus\u00ed myslet p\u0159edev\u0161\u00edm na to, aby m\u011bli kde bydlet jeho obyvatel\u00e9. Mnoho mlad\u00fdch Vrchlab\u00e1k\u016f odsud b\u011bhem posledn\u00edch \u0161esti volebn\u00edch obdob\u00ed ode\u0161lo pry\u010d, a to p\u0159edev\u0161\u00edm d\u00edky \u0161patn\u00e9 bytov\u00e9 politice zdej\u0161\u00ed radnice. Zm\u011bn\u00edme proto zp\u016fsob p\u0159id\u011blov\u00e1n\u00ed m\u011bstsk\u00fdch byt\u016f a odstran\u00edme dosud funguj\u00edc\u00ed ob\u00e1lkovou metodu. Jsme proti developersk\u00e9 v\u00fdstavb\u011b rekrea\u010dn\u00edch [&hellip;]<\/p>\n","protected":false},"author":1,"featured_media":0,"parent":0,"menu_order":0,"comment_status":"closed","ping_status":"closed","template":"","meta":{"footnotes":""},"class_list":["post-33","page","type-page","status-publish","hentry"],"_links":{"self":[{"href":"https:\/\/www.odsvrchlabi.cz\/index.php?rest_route=\/wp\/v2\/pages\/33","targetHints":{"allow":["GET"]}}],"collection":[{"href":"https:\/\/www.odsvrchlabi.cz\/index.php?rest_route=\/wp\/v2\/pages"}],"about":[{"href":"https:\/\/www.odsvrchlabi.cz\/index.php?rest_route=\/wp\/v2\/types\/page"}],"author":[{"embeddable":true,"href":"https:\/\/www.odsvrchlabi.cz\/index.php?rest_route=\/wp\/v2\/users\/1"}],"replies":[{"embeddable":true,"href":"https:\/\/www.odsvrchlabi.cz\/index.php?rest_route=%2Fwp%2Fv2%2Fcomments&post=33"}],"version-history":[{"count":5,"href":"https:\/\/www.odsvrchlabi.cz\/index.php?rest_route=\/wp\/v2\/pages\/33\/revisions"}],"predecessor-version":[{"id":45,"href":"https:\/\/www.odsvrchlabi.cz\/index.php?rest_route=\/wp\/v2\/pages\/33\/revisions\/45"}],"wp:attachment":[{"href":"https:\/\/www.odsvrchlabi.cz\/index.php?rest_route=%2Fwp%2Fv2%2Fmedia&parent=33"}],"curies":[{"name":"wp","href":"https:\/\/api.w.org\/{rel}","templated":true}]}}

<div class="wp-block-image">
<figure class="alignleft size-medium"><img loading="lazy" decoding="async" width="300" height="176" src="http://www.odsvrchlabi.cz/wp-content/uploads/2022/09/vrchlabi-300x176.jpg" alt="" class="wp-image-35" srcset="https://www.odsvrchlabi.cz/wp-content/uploads/2022/09/vrchlabi-300x176.jpg 300w, https://www.odsvrchlabi.cz/wp-content/uploads/2022/09/vrchlabi-1024x599.jpg 1024w, https://www.odsvrchlabi.cz/wp-content/uploads/2022/09/vrchlabi-768x449.jpg 768w, https://www.odsvrchlabi.cz/wp-content/uploads/2022/09/vrchlabi-1536x899.jpg 1536w, https://www.odsvrchlabi.cz/wp-content/uploads/2022/09/vrchlabi-1200x702.jpg 1200w, https://www.odsvrchlabi.cz/wp-content/uploads/2022/09/vrchlabi-1980x1158.jpg 1980w, https://www.odsvrchlabi.cz/wp-content/uploads/2022/09/vrchlabi.jpg 2000w" sizes="auto, (max-width: 300px) 100vw, 300px" /><figcaption>default</figcaption></figure>
</div>


<h4 class="wp-block-heading">Bydlení? Občané Vrchlabí na prvním místě!</h4>



<p class="has-small-font-size">Vrchlabí musí myslet především na to, aby měli kde bydlet jeho obyvatelé. Mnoho mladých Vrchlabáků odsud během posledních šesti volebních období odešlo pryč, a to především díky špatné bytové politice zdejší radnice. Změníme proto způsob přidělování městských bytů a odstraníme dosud fungující obálkovou metodu. Jsme proti developerské výstavbě rekreačních apartmánů v nemovitostech a na pozemcích v majetku města. Zajistíme též změnu územního plánu, aby rodiče mohli stavět domy na vlastních pozemcích pro své děti.</p>


<div class="wp-block-image">
<figure class="alignright size-medium"><img loading="lazy" decoding="async" width="300" height="200" src="http://www.odsvrchlabi.cz/wp-content/uploads/2022/09/wakeboard-300x200.jpg" alt="" class="wp-image-37" srcset="https://www.odsvrchlabi.cz/wp-content/uploads/2022/09/wakeboard-300x200.jpg 300w, https://www.odsvrchlabi.cz/wp-content/uploads/2022/09/wakeboard-1024x682.jpg 1024w, https://www.odsvrchlabi.cz/wp-content/uploads/2022/09/wakeboard-768x512.jpg 768w, https://www.odsvrchlabi.cz/wp-content/uploads/2022/09/wakeboard-1536x1024.jpg 1536w, https://www.odsvrchlabi.cz/wp-content/uploads/2022/09/wakeboard-1200x800.jpg 1200w, https://www.odsvrchlabi.cz/wp-content/uploads/2022/09/wakeboard-1980x1320.jpg 1980w, https://www.odsvrchlabi.cz/wp-content/uploads/2022/09/wakeboard.jpg 2000w" sizes="auto, (max-width: 300px) 100vw, 300px" /></figure>
</div>


<h4 class="wp-block-heading">Vrchlabské děti a mládež? Chceme řešit jejich potřeby</h4>



<p class="has-small-font-size">Děti si budou mít kde hrát, protože se zasadíme o vybudování nových dětských hřišť v lokalitách Hořejší Vrchlabí, Liščí kopec a Harta. Podpoříme rozšiřování možností a nabídky zájmové činnosti a sportu. Mladí budou rovnocennými partnery města při hledání možností pro jejich volnočasové vyžití. Dáme zelenou novým či netradičním způsobům sportovního vyžití (wakeboardy, cyklotraily, inline…) v duchu hesla Cool Vrchlabí. Nebojíme se nových výzev i cest k jejich naplnění.</p>


<div class="wp-block-image">
<figure class="alignleft size-medium"><img loading="lazy" decoding="async" width="300" height="171" src="http://www.odsvrchlabi.cz/wp-content/uploads/2022/09/senior-300x171.png" alt="" class="wp-image-39" srcset="https://www.odsvrchlabi.cz/wp-content/uploads/2022/09/senior-300x171.png 300w, https://www.odsvrchlabi.cz/wp-content/uploads/2022/09/senior.png 700w" sizes="auto, (max-width: 300px) 100vw, 300px" /></figure>
</div>


<h4 class="wp-block-heading">Příjemné místo k životu i pro seniory</h4>



<p class="has-small-font-size">Ve Vrchlabí je 3200 lidí v seniorském věku a tento počet bude v dalších letech ještě narůstat. Vrchlabí musí být zajímavým, příjemným a důstojným místem k životu i pro seniory. Připravíme komplexní koncept jejich společenského a volnočasového vyžití a uvedeme v život projekty „Aktivní vrchlabský senior“, „Senior taxi“ se zvýhodněnou cenou a vybudujeme sportovně relaxační zónu a vycházkový okruh kolem Berlínského lesa.</p>


<div class="wp-block-image">
<figure class="alignright size-medium"><img loading="lazy" decoding="async" width="300" height="161" src="http://www.odsvrchlabi.cz/wp-content/uploads/2022/09/harta-300x161.png" alt="" class="wp-image-41" srcset="https://www.odsvrchlabi.cz/wp-content/uploads/2022/09/harta-300x161.png 300w, https://www.odsvrchlabi.cz/wp-content/uploads/2022/09/harta-1024x548.png 1024w, https://www.odsvrchlabi.cz/wp-content/uploads/2022/09/harta-768x411.png 768w, https://www.odsvrchlabi.cz/wp-content/uploads/2022/09/harta-1536x822.png 1536w, https://www.odsvrchlabi.cz/wp-content/uploads/2022/09/harta-1200x643.png 1200w, https://www.odsvrchlabi.cz/wp-content/uploads/2022/09/harta.png 1961w" sizes="auto, (max-width: 300px) 100vw, 300px" /></figure>
</div>


<h4 class="wp-block-heading">Město jako odpovědný hospodář</h4>



<p class="has-small-font-size">Městské investice budou plánovány reálně a s ohledem na možnosti rozpočtu. Město bude o svůj movitý i nemovitý majetek řádně pečovat a pravidelně investovat do jeho údržby a rozvoje. Na opravy chodníků a ulic dáme více peněz než dosavadní jeden milion korun ročně. Pro srovnání: na platy a odměny vedení města a dalších volených zástupců městský rozpočet každým rokem vynakládá třikrát tolik financí. Konečně začneme řádně opravovat městský bytový fond. Stavíme se proti dalšímu bezmyšlenkovitému zadlužování města.</p>


<div class="wp-block-image">
<figure class="alignleft size-medium"><img loading="lazy" decoding="async" width="300" height="152" src="http://www.odsvrchlabi.cz/wp-content/uploads/2022/09/beh-300x152.png" alt="" class="wp-image-42" srcset="https://www.odsvrchlabi.cz/wp-content/uploads/2022/09/beh-300x152.png 300w, https://www.odsvrchlabi.cz/wp-content/uploads/2022/09/beh.png 690w" sizes="auto, (max-width: 300px) 100vw, 300px" /></figure>
</div>


<h4 class="wp-block-heading">Sportovní kluby a neziskovky? Podpora bez rozdílu!</h4>



<p class="has-small-font-size">Ve Vrchlabí působí sportovní kluby, které vychovávají úspěšné sportovce, ale i více než 20 neziskových organizací, jejichž členové nezištně zkrášlují veřejné prostranství nebo tmelí pospolitost obyvatel Vrchlabí skrze různé akce. Obě dvě skupiny mají naši úctu a vyjadřujeme jim poděkování a podporu. Zároveň deklarujeme náš záměr, že pokud se dostává nemalé materiální a finanční podpory sportovcům, je poctivé a správné, aby podporu v adekvátní výši dostávaly i tyto neziskové organizace.</p>



<h4 class="wp-block-heading">A co určitě nechceme</h4>



<ul class="has-small-font-size wp-block-list"><li>Necitlivými úpravami se nesmí zmenšit počet míst na parkovišti u hřbitova. Jsme proti záměru, aby se za tato místa platilo.</li><li>O přijetí do domu s pečovatelskou službou nebude rozhodovat možnost a ochota věnovat 100 tisíc korun městu jako dar.</li><li>Občané Vrchlabí nesmí čelit komplikacím způsobeným nedostatkem specializovaných ambulantních lékařů.</li><li>Z centra města se postupně vytrácí život a společenský ruch. Nechceme, aby se z historického jádra Vrchlabí stala zóna duchů.</li><li>Obyvatelé Hořejšího Vrchlabí a Harty nebudou přehlíženými občany, o jejichž potřeby město nejeví zájem a neinvestuje do zdejší infrastruktury.</li></ul>



<p></p>

<p>Bydlení? Občané Vrchlabí na prvním místě! Vrchlabí musí myslet především na to, aby měli kde bydlet jeho obyvatelé. Mnoho mladých Vrchlabáků odsud během posledních šesti volebních období odešlo pryč, a to především díky špatné bytové politice zdejší radnice. Změníme proto způsob přidělování městských bytů a odstraníme dosud fungující obálkovou metodu. Jsme proti developerské výstavbě rekreačních [&hellip;]</p>
